*f + 7*f. What is the units digit of 111/6 - f/4?
8
Let o be 2*-2 - -2 - (-1002)/3. Let j = o - 200. What is the units digit of j?
2
Suppose -5*n + 2*q = -255, 3*n - 127 = -0*n - 4*q. Let u = 31 + n. What is the units digit of u?
0
Let m(h) = -4 - h**2 - h + 4*h**2 + 8*h**2. Let y be m(3). Suppose y = 39*v - 37*v. What is the tens digit of v?
4
Suppose 3*n = -n - 4. Let q(u) = 4*u + 18. Let b be q(-3). What is the units digit of (-9)/(n*2/b)?
7
Let g(q) = 6*q + 2. Let h be g(4). Let b = -34 + h. What is the units digit of (-2)/(-1) - 128/b?
8
Let d(g) = 1 - 8*g**3 - 2*g + g**3 + 9*g**3 + 3*g**2. Let v be d(2). Suppose -4 = -0*q + 2*q + 2*p, -5*p - v = 0. What is the units digit of q?
3
What is the units digit of (-14*(-3)/(-12))/((-28)/8512)?
4
Suppose 0 = i + 3*i. Suppose v - 528 = -i*v. What is the tens digit of v/36 + 2/(-3)?
1
Let t be 30/(-8)*(-320)/24. Let v = t - -40. What is the tens digit of v?
9
Suppose i - 2*u - 14 = -2*i, -2*i + 24 = -5*u. Let a = 1211 + -847. Suppose -9*h + a = -i*h. What is the tens digit of h?
5
Let t = 4335 + -2094. What is the thousands digit of t?
2
Let a(r) = r**2 - 2*r + 1. Let z be a(1). What is the units digit of z + 14*6*(-6)/(-8)?
3
Let l(f) = 48*f**2 + 2*f - 2. Let u be l(-2). Let p(c) = -13*c - 3. Let x be p(-1). Suppose x*k - u = 4*k. What is the units digit of k?
1
Suppose 3*y - 1683 = 3*f, f + 195 = -2*y - 357. What is the hundreds digit of -1*f/(-15)*(-10)/3?
1
Suppose -5*d + 3*j = -d - 75, 0 = 5*d - 4*j - 94. Suppose d = 3*b - 0*b. Let h(i) = i**2 - 3*i - 6. What is the tens digit of h(b)?
1
Let l be 1*6*(-44)/8. Let b = l - -64. Let j = b + -15. What is the tens digit of j?
1
Suppose -2*w + 5*w - 3*l - 18 = 0, 12 = -w - 5*l. Let g be w/(-9) + 20/6. Suppose -g*f + 11 + 55 = 0. What is the units digit of f?
2
Suppose -4*b + 350 = -114. Let w = 170 - b. What is the tens digit of w?
5
Suppose 0 = -2*n + 3*o + 6230, o + 4*o = -3*n + 9383. What is the thousands digit of n?
3
Suppose h - 787 = 3*v, 3*h + 23*v - 26*v - 2385 = 0. What is the hundreds digit of h?
7
Let t(g) = 28*g - 3. Suppose -3*s - h + 1 - 2 = 0, 5*h = s - 21. What is the tens digit of t(s)?
2
Suppose -126 = 2*x - 374. What is the hundreds digit of x?
1
Let g = -19 - -11. Let q(b) = 17*b - 5 - 2 - 18*b. What is the units digit of q(g)?
1
Let v(k) = 2*k - 8. Let u be v(5). Suppose -3*w = 2*c - 7*w - 40, 2*w = -u*c + 28. What is the units digit of c/2 + (1 - 4)?
5
Let s be (-1 - -2)/(46/24 - 2). What is the units digit of (1 + -3)*414/s?
9
Suppose -14*s = -16636 - 31370. What is the units digit of s?
9
Let q(k) = -4*k + 3. Let m be q(2). Let a(f) = -11*f**2 + 20*f + 3. Let t(s) = -4*s**2 + 7*s + 1. Let g(o) = 6*a(o) - 17*t(o). What is the units digit of g(m)?
6
Let s be (-6)/(-4) - 85/(-2). Suppose 0*a + u = 4*a - s, 5*a - u = 54. Suppose -8 = -3*i + a. What is the units digit of i?
6
Let h = -12 + 16. Suppose -5*p = 2*x - 26, 4*p + 2 - 6 = h*x. Suppose 0 = p*s - 5*v - 37, 3*s = 4*s - 2*v - 7. What is the units digit of s?
3
Suppose 0 = -263*v + 269*v - 3126. What is the units digit of v?
1
Suppose 2*y + 1387 = 3*n, -2*n - 1403 = -5*n - 2*y. What is the units digit of n?
5
Let y = -16 - -39. Suppose 17*u + 12 = y*u. What is the units digit of u?
2
Let r(b) be the first derivative of -4*b**2 + 4*b - 9. What is the tens digit of r(-5)?
4
Let c(x) = -x - 17. Suppose 0 = 5*l - 8*l - 36. Let n be c(l). Let q = 15 - n. What is the units digit of q?
0
Let g(p) = p**3 - 5*p**2 - 7*p + 8. Let y be g(6). Let c be (-4)/(4/y*-1). Suppose -3*m - 5*q = -76, -c*m = 5*q + 10 - 69. What is the units digit of m?
7
Let a be (-2)/7 + 397/(-7). Let i = -33 - a. What is the units digit of i?
4
Suppose 5*f = 0, p = 4*f - 77 + 188. What is the tens digit of p?
1
Let k = -7 + 10. Suppose -k*r = -6*r + 216. Suppose -2 + r = 5*i. What is the units digit of i?
4
Suppose 4*c + 5*o - 23 = -0*o, o = -5*c + 13. Suppose -3*u = -c*u - 4. Suppose 2*x - 48 = -u*x. What is the units digit of x?
8
Let h(z) = 6*z**2 + 11*z + 3*z**3 - 26*z + 10*z + 1. What is the units digit of h(3)?
1
Suppose 0 = 2*j + 1 + 7. Let m(h) = -6*h + 1. Let i(b) = -b. Let x(v) = 24*i(v) - 3*m(v). What is the units digit of x(j)?
1
Let k(l) = l**2 + 10*l + 7. Let r be k(-13). Let q = -2 + r. Suppose -6 = m - q. What is the units digit of m?
8
Let m(b) = 16*b - 76. What is the hundreds digit of m(24)?
3
Let v(w) = -23*w - 4. Let j be v(-3). Let m = j - -13. What is the tens digit of m?
7
Let z = 6743 + -3846. What is the tens digit of z?
9
Suppose -2*b - 147 = -7*b - 2*z, -5*b + 135 = 5*z. Let c be 3 + (-12)/2 + b. Let l = c - 19. What is the units digit of l?
9
Let c(u) = 33*u**2 + 2*u - 2. Let j be c(1). Suppose 0 = 4*f - 3*b - j, 5*f - 75 = -5*b + 10. What is the units digit of f?
2
Let j = -4 - 11. What is the units digit of 7/((-140)/(-416)) - (-12)/j?
0
Let k = 23 + -18. Suppose -22 - k = -3*j. What is the units digit of j?
9
Suppose 503 = 8*r - 4969. Suppose 0 = 5*i + 209 - r. What is the tens digit of i?
9
Let a = -853 + 1100. What is the units digit of a?
7
What is the tens digit of (12/(-7))/(-6) + 53298/49?
8
Let y(d) = 26*d**3 - 3*d**2 + 6*d - 20. What is the hundreds digit of y(3)?
6
Let s be 9/((-36)/(-16)) - 2. Let f = -48 + 87. Suppose 3*v - s*v - f = 0. What is the units digit of v?
9
Let g be 8/36 + (-158)/(-18). Let c be 170/45 + 2/g. Suppose -2*z + 36 = 5*a, 2*a = 4*a - c*z. What is the units digit of a?
6
Let p(o) = 18*o**2 + 3*o. Let h be p(-2). Let v = h - 13. What is the units digit of v?
3
Suppose k + 896 = 1395. What is the tens digit of k?
9
Suppose -r - 3*h - 1 = r, -5*h = 15. Suppose -r*y = -y. What is the units digit of -1 + 1 + (3 - y)?
3
Suppose -17*s = -4026 - 955. What is the units digit of s?
3
What is the tens digit of 4/(-14) + (1612/7 - 7)?
2
Let a(y) = -3 - 5*y + 3*y + 3*y. Let v be a(7). Suppose q - 3*l + v = -9, -3*l = -5*q - 5. What is the units digit of q?
2
Suppose 19222 = 71*c - 57*c. What is the tens digit of c?
7
Let m be (-3)/(-2)*16/(-12). What is the tens digit of (m/4)/(-1) - 74/(-4)?
1
Let d(q) = 10*q**2 - 17*q + 20. Let l be d(10). Suppose 0*g - l = -10*g. What is the tens digit of g?
8
Let s(v) = -v - 13. Let h be s(-6). Let m = 1 + h. Let n(o) = -4*o - 7. What is the units digit of n(m)?
7
Suppose 0 = 3135*i - 3145*i + 530. What is the units digit of i?
3
Let v be 1/(16/(-17) + 1). Suppose 4*a - 55 = -55. What is the units digit of v + -2 - (0 + a)?
5
Let t be 1/2*(1 - -3). Suppose -5*y = -4*u - 10, -2*u + t = -8. Suppose 2*l - 65 = -3*h + y*l, -5*l = 4*h - 97. What is the tens digit of h?
2
Suppose 0 = -w + 10 - 1. Let h = w + -7. Suppose 3*k - h*k = 4*g - 15, 4*g + 3*k = 35. What is the units digit of g?
5
Let w(f) = f**3 - 20*f**2 + 21*f - 18. Suppose 0 = 8*g - 12*g + 76. What is the tens digit of w(g)?
2
Let t = -75 - -1181. What is the tens digit of t?
0
Let d(c) = c**3 + 25*c**2 + 25*c. Let a be d(-24). What is the units digit of (219/(-6) + -2)*a/14?
6
Let j(t) = -179*t + 1. Let f be j(-3). Suppose 0 = -3*x + f + 227. What is the tens digit of x?
5
Let o(v) = 5*v**2 + 5*v - 15. Let c(w) = -6*w**2 - 5*w + 16. Let f(s) = -6*c(s) - 7*o(s). What is the tens digit of f(9)?
4
Let r = 11617 + -8164. What is the thousands digit of r?
3
Let u be (1 + -4)/((-6)/8). Suppose -u*b - 15 = -39. What is the units digit of (-2)/(-6) - b/(-9)?
1
Let c = 78 + -57. Let n = c + 35. What is the units digit of n?
6
Let j(g) = -12*g + 3. Let r be j(1). What is the units digit of (-3)/r*54/3?
6
What is the hundreds digit of 15378/16 + 4/(-32)?
9
Let i = -922 + 1804. What is the hundreds digit of i?
8
Let u = -170 + 355. What is the units digit of u?
5
Suppose 4*c - 21 = -3*j, 4*j + c + 12 = 27. Suppose -j*n - 3*o + 3 = 0, 2*n - 14 = -o + 5*o. What is the units digit of n?
3
Let t(i) = -i - 2. Let p(n) = -2*n - 3. Let j(a) = -4*p(a) + 5*t(a). Suppose -9*h + 8*h = -7. What is the tens digit of j(h)?
2
Suppose 4012 - 862 = 9*d. What is the hundreds digit of d?
3
Let c be (-4)/10 - (-6)/(-10). Let o be (-3)/c - -1 - -840. What is the units digit of 3/12 + o/16?
3
Suppose 3304 = -47*m + 51*m. What is the units digit of m?
6
Suppose 34*l = 4*l + 6510. What is the units digit of l?
7
Suppose -6*h = -0*h + 18. What is the tens digit of 2/(0 - h/81)?
5
Let x be (-10)/20